{"id":12,"date":"2025-09-05T09:36:02","date_gmt":"2025-09-05T07:36:02","guid":{"rendered":"https:\/\/par56-demo1.fr\/pelerinages\/?page_id=12"},"modified":"2025-09-05T09:36:02","modified_gmt":"2025-09-05T07:36:02","slug":"don-parrainage","status":"publish","type":"page","link":"https:\/\/par56-demo1.fr\/pelerinages\/don-parrainage\/","title":{"rendered":"Soutenir un p\u00e8lerinage gr\u00e2ce au parrainage"},"content":{"rendered":"\n<p>Vivre un <strong>p\u00e8lerinage<\/strong> est une gr\u00e2ce. Pourtant, certaines personnes n\u2019ont pas les moyens financiers ou traversent des \u00e9preuves qui les emp\u00eachent de se mettre en route. Par le <strong>parrainage<\/strong>, chacun peut offrir \u00e0 un fr\u00e8re ou une s\u0153ur la possibilit\u00e9 de vivre un p\u00e8lerinage. Ce geste de solidarit\u00e9 et de charit\u00e9 permet de renforcer les liens entre chr\u00e9tiens et d\u2019ouvrir \u00e0 tous l\u2019exp\u00e9rience d\u2019une marche vers Dieu.<\/p>\n\n\n\n<p>Participer \u00e0 un p\u00e8lerinage transforme la vie : pri\u00e8re, rencontres, c\u00e9l\u00e9brations\u2026 Gr\u00e2ce \u00e0 votre soutien, des p\u00e8lerins qui n\u2019auraient pas pu partir d\u00e9couvriront cette joie. Parrainer un p\u00e8lerinage, c\u2019est aussi r\u00e9pondre \u00e0 l\u2019appel du Christ en posant un acte concret de partage et de fraternit\u00e9.<\/p>\n\n\n\n<h2 class=\"wp-block-heading\">Un don pour permettre un p\u00e8lerinage<\/h2>\n\n\n\n<p>Vos dons, libell\u00e9s \u00e0 l\u2019ordre de \u00ab Association dioc\u00e9saine de Vannes \u2013 Service p\u00e8lerinages \u00bb, sont directement utilis\u00e9s pour aider des personnes \u00e0 partir en p\u00e8lerinage. Si vous \u00eates imposables, 66 % du montant de votre don est d\u00e9ductible de vos imp\u00f4ts, dans la limite de 20 % de votre revenu imposable. Ainsi, un don de 100 \u20ac ne vous co\u00fbte en r\u00e9alit\u00e9 que 34 \u20ac.<\/p>\n\n\n\n<p>En soutenant la Direction dioc\u00e9saine des p\u00e8lerinages, vous contribuez \u00e0 faire vivre la foi au-del\u00e0 des difficult\u00e9s mat\u00e9rielles. Chaque don ouvre la possibilit\u00e9 d\u2019un chemin de foi et de fraternit\u00e9.<\/p>\n\n\n\n<h2 class=\"wp-block-heading\">Comment envoyer votre don ?<\/h2>\n\n\n\n<p>Vos dons pour le <strong>p\u00e8lerinage<\/strong> sont \u00e0 adresser \u00e0 :<br><strong>Direction des P\u00e8lerinages \u2013 14 rue de l\u2019\u00c9v\u00each\u00e9 \u2013 CS 82003 \u2013 56001 VANNES cedex<\/strong><\/p>\n\n\n\n<p>\ud83d\udcde Contact : 02 97 68 30 50<br>\ud83d\udce7 <a>pelerinages@diocese-vannes.fr<\/a><\/p>\n","protected":false},"excerpt":{"rendered":"<p>Vivre un p\u00e8lerinage est une gr\u00e2ce. Pourtant, certaines personnes n\u2019ont pas les moyens financiers ou traversent des \u00e9preuves qui les emp\u00eachent de se mettre en route. Par le parrainage, chacun [&hellip;]<\/p>\n","protected":false},"author":1,"featured_media":0,"parent":0,"menu_order":0,"comment_status":"closed","ping_status":"closed","template":"","meta":{"_eb_attr":"","_EventAllDay":false,"_EventTimezone":"","_EventStartDate":"","_EventEndDate":"","_EventStartDateUTC":"","_EventEndDateUTC":"","_EventShowMap":false,"_EventShowMapLink":false,"_EventURL":"","_EventCost":"","_EventCostDescription":"","_EventCurrencySymbol":"","_EventCurrencyCode":"","_EventCurrencyPosition":"","_EventDateTimeSeparator":"","_EventTimeRangeSeparator":"","_EventOrganizerID":[],"_EventVenueID":[],"_OrganizerEmail":"","_OrganizerPhone":"","_OrganizerWebsite":"","_VenueAddress":"","_VenueCity":"","_VenueCountry":"","_VenueProvince":"","_VenueState":"","_VenueZip":"","_VenuePhone":"","_VenueURL":"","_VenueStateProvince":"","_VenueLat":"","_VenueLng":"","_VenueShowMap":false,"_VenueShowMapLink":false,"footnotes":""},"class_list":["post-12","page","type-page","status-publish","hentry"],"_links":{"self":[{"href":"https:\/\/par56-demo1.fr\/pelerinages\/wp-json\/wp\/v2\/pages\/12","targetHints":{"allow":["GET"]}}],"collection":[{"href":"https:\/\/par56-demo1.fr\/pelerinages\/wp-json\/wp\/v2\/pages"}],"about":[{"href":"https:\/\/par56-demo1.fr\/pelerinages\/wp-json\/wp\/v2\/types\/page"}],"author":[{"embeddable":true,"href":"https:\/\/par56-demo1.fr\/pelerinages\/wp-json\/wp\/v2\/users\/1"}],"replies":[{"embeddable":true,"href":"https:\/\/par56-demo1.fr\/pelerinages\/wp-json\/wp\/v2\/comments?post=12"}],"version-history":[{"count":1,"href":"https:\/\/par56-demo1.fr\/pelerinages\/wp-json\/wp\/v2\/pages\/12\/revisions"}],"predecessor-version":[{"id":13,"href":"https:\/\/par56-demo1.fr\/pelerinages\/wp-json\/wp\/v2\/pages\/12\/revisions\/13"}],"wp:attachment":[{"href":"https:\/\/par56-demo1.fr\/pelerinages\/wp-json\/wp\/v2\/media?parent=12"}],"curies":[{"name":"wp","href":"https:\/\/api.w.org\/{rel}","templated":true}]}}