{"id":62,"date":"2025-07-10T14:09:03","date_gmt":"2025-07-10T14:09:03","guid":{"rendered":"https:\/\/par56-demo1.fr\/paroisses\/?page_id=62"},"modified":"2025-08-05T08:36:34","modified_gmt":"2025-08-05T08:36:34","slug":"arzon","status":"publish","type":"page","link":"https:\/\/par56-demo1.fr\/paroisses\/arzon\/","title":{"rendered":"Arzon"},"content":{"rendered":"\n<p>\u00c9glise Notre-Dame de l&rsquo;Assomption<\/p>\n\n\n\n<div class=\"wp-block-buttons is-layout-flex wp-block-buttons-is-layout-flex\">\n<div class=\"wp-block-button\"><a class=\"wp-block-button__link wp-element-button\" href=\"https:\/\/messes.info\/lieu\/56\/arzon\" target=\"_blank\" rel=\"noreferrer noopener\">Horaires des messes<\/a><\/div>\n<\/div>\n\n\n\n<p><a href=\"mailto:arradon@diocese-vannes.fr\" data-type=\"link\" data-id=\"allaireeglise@gmail.com\">Contact<\/a><\/p>\n\n\n\n<p><a href=\"http:\/\/www.paroisses-arradon.fr\/paroisses\/1\/paroisse-d-arradon\" target=\"_blank\" rel=\"noreferrer noopener\">Site web<\/a><\/p>\n\n\n\n<p><strong>Envie de suivre la vie de notre paroisse ?<\/strong> Rendez-vous sur notre site internet pour ne rien manquer. Bonne d\u00e9couverte ! <a href=\"https:\/\/www.paroisse-arzon56.com\/\" data-type=\"link\" data-id=\"https:\/\/paroisses-allaire.fr\/\" target=\"_blank\" rel=\"noreferrer noopener\">Voir le site de la paroisse<\/a><\/p>\n\n\n\n<p><\/p>\n\n\n\n<h2 class=\"wp-block-heading\">Coordonn\u00e9es<\/h2>\n\n\n\n<p>10 rue du Presbyt\u00e8re 56640 ARZON<br>T\u00e9l\u00e9phone : <a href=\"tel:0297538350\">02 97 53 83 50<\/a><br>Courriel : <a href=\"mailto:arzon@diocese-vannes.fr\">arzon@diocese-vannes.fr<\/a><\/p>\n","protected":false},"excerpt":{"rendered":"<p>\u00c9glise Notre-Dame de l&rsquo;Assomption Contact Site web Envie de suivre la vie de notre paroisse ? Rendez-vous sur notre site internet pour ne rien manquer. Bonne d\u00e9couverte ! Voir le [&hellip;]<\/p>\n","protected":false},"author":1,"featured_media":63,"parent":0,"menu_order":0,"comment_status":"closed","ping_status":"closed","template":"","meta":{"_eb_attr":"","_EventAllDay":false,"_EventTimezone":"","_EventStartDate":"","_EventEndDate":"","_EventStartDateUTC":"","_EventEndDateUTC":"","_EventShowMap":false,"_EventShowMapLink":false,"_EventURL":"","_EventCost":"","_EventCostDescription":"","_EventCurrencySymbol":"","_EventCurrencyCode":"","_EventCurrencyPosition":"","_EventDateTimeSeparator":"","_EventTimeRangeSeparator":"","_EventOrganizerID":[],"_EventVenueID":[],"_OrganizerEmail":"","_OrganizerPhone":"","_OrganizerWebsite":"","_VenueAddress":"","_VenueCity":"","_VenueCountry":"","_VenueProvince":"","_VenueState":"","_VenueZip":"","_VenuePhone":"","_VenueURL":"","_VenueStateProvince":"","_VenueLat":"","_VenueLng":"","_VenueShowMap":false,"_VenueShowMapLink":false,"footnotes":""},"categories":[5],"tags":[17],"class_list":["post-62","page","type-page","status-publish","has-post-thumbnail","hentry","category-doyenne-d-elven-sarzeau","tag-en-bord-de-mer"],"_links":{"self":[{"href":"https:\/\/par56-demo1.fr\/paroisses\/wp-json\/wp\/v2\/pages\/62","targetHints":{"allow":["GET"]}}],"collection":[{"href":"https:\/\/par56-demo1.fr\/paroisses\/wp-json\/wp\/v2\/pages"}],"about":[{"href":"https:\/\/par56-demo1.fr\/paroisses\/wp-json\/wp\/v2\/types\/page"}],"author":[{"embeddable":true,"href":"https:\/\/par56-demo1.fr\/paroisses\/wp-json\/wp\/v2\/users\/1"}],"replies":[{"embeddable":true,"href":"https:\/\/par56-demo1.fr\/paroisses\/wp-json\/wp\/v2\/comments?post=62"}],"version-history":[{"count":1,"href":"https:\/\/par56-demo1.fr\/paroisses\/wp-json\/wp\/v2\/pages\/62\/revisions"}],"predecessor-version":[{"id":64,"href":"https:\/\/par56-demo1.fr\/paroisses\/wp-json\/wp\/v2\/pages\/62\/revisions\/64"}],"wp:featuredmedia":[{"embeddable":true,"href":"https:\/\/par56-demo1.fr\/paroisses\/wp-json\/wp\/v2\/media\/63"}],"wp:attachment":[{"href":"https:\/\/par56-demo1.fr\/paroisses\/wp-json\/wp\/v2\/media?parent=62"}],"wp:term":[{"taxonomy":"category","embeddable":true,"href":"https:\/\/par56-demo1.fr\/paroisses\/wp-json\/wp\/v2\/categories?post=62"},{"taxonomy":"post_tag","embeddable":true,"href":"https:\/\/par56-demo1.fr\/paroisses\/wp-json\/wp\/v2\/tags?post=62"}],"curies":[{"name":"wp","href":"https:\/\/api.w.org\/{rel}","templated":true}]}}